 digit of 104540?
0
What is the tens digit of 3724?
2
What is the thousands digit of 6916?
6
What is the thousands digit of 13247?
3
What is the hundreds digit of 30469?
4
What is the units digit of 8784?
4
What is the thousands digit of 6166?
6
What is the hundreds digit of 602?
6
What is the ten thousands digit of 10789?
1
What is the units digit of 2053?
3
What is the units digit of 513?
3
What is the tens digit of 154?
5
What is the thousands digit of 11607?
1
What is the tens digit of 23801?
0
What is the hundreds digit of 23499?
4
What is the hundreds digit of 1160?
1
What is the thousands digit of 23194?
3
What is the hundreds digit of 172630?
6
What is the units digit of 35127?
7
What is the units digit of 1424?
4
What is the tens digit of 82183?
8
What is the thousands digit of 1257?
1
What is the hundreds digit of 635?
6
What is the tens digit of 148932?
3
What is the units digit of 6538?
8
What is the units digit of 8069?
9
What is the hundreds digit of 5606?
6
What is the ten thousands digit of 27650?
2
What is the thousands digit of 4669?
4
What is the units digit of 1329?
9
What is the tens digit of 2176?
7
What is the tens digit of 5536?
3
What is the hundreds digit of 5798?
7
What is the tens digit of 371?
7
What is the hundreds digit of 5331?
3
What is the tens digit of 163?
6
What is the units digit of 56983?
3
What is the hundreds digit of 39593?
5
What is the thousands digit of 5962?
5
What is the units digit of 6278?
8
What is the thousands digit of 56061?
6
What is the thousands digit of 2707?
2
What is the tens digit of 1990?
9
What is the tens digit of 52662?
6
What is the hundreds digit of 9695?
6
What is the tens digit of 13131?
3
What is the thousands digit of 49183?
9
What is the units digit of 37126?
6
What is the thousands digit of 10501?
0
What is the hundreds digit of 21263?
2
What is the hundreds digit of 2852?
8
What is the hundreds digit of 677?
6
What is the tens digit of 23553?
5
What is the hundred thousands digit of 174323?
1
What is the thousands digit of 3627?
3
What is the thousands digit of 8529?
8
What is the hundreds digit of 2254?
2
What is the hundred thousands digit of 102164?
1
What is the tens digit of 81293?
9
What is the hundreds digit of 4909?
9
What is the thousands digit of 5081?
5
What is the hundreds digit of 9128?
1
What is the hundreds digit of 37897?
8
What is the thousands digit of 1358?
1
What is the ten thousands digit of 16115?
1
What is the tens digit of 417?
1
What is the tens digit of 4037?
3
What is the units digit of 6313?
3
What is the hundreds digit of 1766?
7
What is the thousands digit of 46103?
6
What is the tens digit of 3760?
6
What is the units digit of 16356?
6
What is the tens digit of 4593?
9
What is the thousands digit of 15399?
5
What is the hundreds digit of 27039?
0
What is the units digit of 3469?
9
What is the hundreds digit of 1982?
9
What is the thousands digit of 4005?
4
What is the hundreds digit of 28173?
1
What is the units digit of 615?
5
What is the ten thousands digit of 19431?
1
What is the tens digit of 19245?
4
What is the thousands digit of 25367?
5
What is the units digit of 23155?
5
What is the tens digit of 10216?
1
What is the tens digit of 19690?
9
What is the tens digit of 16594?
9
What is the units digit of 8930?
0
What is the hundreds digit of 507?
5
What is the thousands digit of 2740?
2
What is the units digit of 15998?
8
What is the tens digit of 6080?
8
What is the hundreds digit of 1704?
7
What is the hundreds digit of 2767?
7
What is the tens digit of 5261?
6
What is the hundreds digit of 589?
5
What is the hundreds digit of 92088?
0
What is the tens digit of 30325?
2
What is the hundreds digit of 53411?
4
What is the hundreds digit of 428?
4
What is the units digit of 956?
6
What is the ten thousands digit of 173230?
7
What is the hundreds digit of 11186?
1
What is the tens digit of 1345?
4
What is the units digit of 1165?
5
What is the thousands digit of 4149?
4
What is the tens digit of 8636?
3
What is the ten thousands digit of 18776?
1
What is the thousands digit of 1762?
1
What is the thousands digit of 2879?
2
What is the units digit of 184784?
4
What is the units digit of 2294?
4
What is the thousands digit of 8420?
8
What is the tens digit of 2129?
2
What is the ten thousands digit of 27867?
2
What is the tens digit of 6621?
2
What is the hundreds digit of 907?
9
What is the tens digit of 536?
3
What is the hundreds digit of 112?
1
What is the units digit of 4?
4
What is the units digit of 17203?
3
What is the tens digit of 1953?
5
What is the units digit of 195?
5
What is the tens digit of 19635?
3
What is the units digit of 862?
2
What is the units digit of 729?
9
What is the ten thousands digit of 11032?
1
What is the units digit of 4656?
6
What is the thousands digit of 2543?
2
What is the thousands digit of 35230?
5
What is the units digit of 6336?
6
What is the tens digit of 154445?
4
What is the thousands digit of 5498?
5
What is the hundreds digit of 18281?
2
What is the ten thousands digit of 54828?
5
What is the thousands digit of 6579?
6
What is the thousands digit of 23735?
3
What is the units digit of 897?
7
What is the tens digit of 754?
5
What is the units digit of 31562?
2
What is the units digit of 3134?
4
What is the tens digit of 778?
7
What is the thousands digit of 12820?
2
What is the thousands digit of 39569?
9
What is the units digit of 12837?
7
What is the tens digit of 7496?
9
What is the units digit of 4392?
2
What is the hundreds digit of 2732?
7
What is the hundreds digit of 561?
5
What is the thousands digit of 24159?
4
What is the thousands digit of 2626?
2
What is the tens digit of 35660?
6
What is the units digit of 794?
4
What is the thousands digit of 75556?
5
What is the thousands digit of 108357?
8
What is the units digit of 2530?
0
What is the thousands digit of 13568?
3
What is the hundreds digit of 1838?
8
What is the tens digit of 6921?
2
What is the units digit of 194?
4
What is the tens digit of 11084?
8
What is the thousands digit of 3471?
3
What is the ten thousands digit of 18871?
1
What is the units digit of 10442?
2
What is the thousands digit of 2539?
2
What is the thousands digit of 1791?
1
What is the ten thousands digit of 58832?
5
What is the thousands digit of 1037?
1
What is the units digit of 17559?
9
What is the units digit of 115402?
2
What is the ten thousands digit of 73720?
7
What is the hundreds digit of 1719?
7
What is the units digit of 44222?
2
What is the units digit of 890?
0
What is the units digit of 24507?
7
What is the thousands digit of 2292?
2
What is the hundreds digit of 531?
5
What is the units digit of 22678?
8
What is the tens digit of 1038?
3
What is the tens digit of 2789?
8
What is the tens digit of 33320?
2
What is the tens digit of 41646?
4
What is the ten thousands digit of 11624?
1
What is the tens digit of 333?
3
What is the tens digit of 54345?
4
What is the units digit of 12816?
6
What is the ten thousands digit of 137503?
3
What is the tens digit of 590?
9
What is the units digit of 7867?
7
What is the units digit of 1431?
1
What is the tens digit of 54318?
1
What is the units digit of 999?
9
What is the units digit of 10816?
6
What is the tens digit of 2459?
5
What is the tens digit of 2573?
7
What is the thousands digit of 31866?
1
What is the units digit of 2153?
3
What is the hundreds digit of 5938?
9
What is the units digit of 151?
1
What is the thousands digit of 2083?
2
What is the tens digit of 16706?
0
What is the tens digit of 2440?
4
What is the hundred thousands digit of 106350?
1
What is the tens digit of 76058?
5
What is the tens digit of 15803?
0
What is the thousands digit of 4283?
4
What is the thousands digit of 4822?
4
What is the units digit of 690?
0
What is the hundreds digit of 851?
8
What is the hundreds digit of 39462?
4
What is the ten thousands digit of 77765?
7
What is the hundreds digit of 76155?
1
What is the tens digit of 1390?
9
What is the units digit of 3090?
0
What is the thousands digit of 25410?
5
What is the tens digit of 16211?
1
What is the tens digit of 3887?
8
What is the units digit of 17494?
4
What is the units digit of 13621?
1
What is the tens digit of 2507?
0
What is the ten thousands 